{"id":672,"date":"2018-10-29T10:45:56","date_gmt":"2018-10-29T09:45:56","guid":{"rendered":"http:\/\/aceps.pl\/?page_id=672"},"modified":"2022-03-04T10:22:49","modified_gmt":"2022-03-04T09:22:49","slug":"budynki-w-zabudowie-szeregowej-w-zalasewie","status":"publish","type":"page","link":"http:\/\/aceps.pl\/index.php\/projekty\/budownictwo-mieszkaniowe\/budynki-w-zabudowie-szeregowej-w-zalasewie\/","title":{"rendered":"Budynki w zabudowie szeregowej w Zalasewie"},"content":{"rendered":"<p>Kompleksowy, pe\u0142nobran\u017cowy projekt budowlano-wykonawczy zespo\u0142u dom\u00f3w jednorodzinnych w zabudowie szeregowej\u00a0 w ramach Inwestycji p.n. Osiedle Kwiatowe w Zalasewie, realizowanej przez Planetbud Development Sp. z o.o.<\/p>\n<p>Inwestycja podzielona jest na 5 etap\u00f3w z \u0142\u0105czn\u0105 powierzchni\u0105 u\u017cytkow\u0105 budynk\u00f3w ~20000m<sup>2<\/sup>.<\/p>\n<p>Budynki zaprojektowano w technologii tradycyjnej, \u015bciany murowane z bloczk\u00f3w silikatowych wzmocnione trzpieniami, stropy g\u0119sto\u017cebrowe, wi\u0119\u017aba dachowa drewniana.<\/p>\n<p>\u00a0<\/p>\n\n\n<figure class=\"wp-block-gallery has-nested-images columns-default is-cropped\">\n<figure class=\"wp-block-image size-large\"><a href=\"http:\/\/aceps.pl\/wp-content\/uploads\/2018\/10\/ETAP1-WIZ4.jpg\"><img loading=\"lazy\" width=\"3500\" height=\"2188\" data-id=\"11\"  src=\"http:\/\/aceps.pl\/wp-content\/uploads\/2018\/10\/ETAP1-WIZ4.jpg\" alt=\"\" class=\"wp-image-11\" srcset=\"http:\/\/aceps.pl\/wp-content\/uploads\/2018\/10\/ETAP1-WIZ4.jpg 3500w, http:\/\/aceps.pl\/wp-content\/uploads\/2018\/10\/ETAP1-WIZ4-300x188.jpg 300w, http:\/\/aceps.pl\/wp-content\/uploads\/2018\/10\/ETAP1-WIZ4-768x480.jpg 768w, http:\/\/aceps.pl\/wp-content\/uploads\/2018\/10\/ETAP1-WIZ4-1024x640.jpg 1024w, http:\/\/aceps.pl\/wp-content\/uploads\/2018\/10\/ETAP1-WIZ4-150x94.jpg 150w\" sizes=\"(max-width: 3500px) 100vw, 3500px\" \/><\/a><\/figure>\n\n\n\n<figure class=\"wp-block-image size-large\"><a href=\"http:\/\/aceps.pl\/wp-content\/uploads\/2018\/10\/budmiesz002_9.jpeg\"><img loading=\"lazy\" width=\"1024\" height=\"640\" data-id=\"664\"  src=\"http:\/\/aceps.pl\/wp-content\/uploads\/2018\/10\/budmiesz002_9-1024x640.jpeg\" alt=\"\" class=\"wp-image-664\" srcset=\"http:\/\/aceps.pl\/wp-content\/uploads\/2018\/10\/budmiesz002_9-1024x640.jpeg 1024w, http:\/\/aceps.pl\/wp-content\/uploads\/2018\/10\/budmiesz002_9-300x188.jpeg 300w, http:\/\/aceps.pl\/wp-content\/uploads\/2018\/10\/budmiesz002_9-768x480.jpeg 768w, http:\/\/aceps.pl\/wp-content\/uploads\/2018\/10\/budmiesz002_9-150x94.jpeg 150w, http:\/\/aceps.pl\/wp-content\/uploads\/2018\/10\/budmiesz002_9.jpeg 2000w\" sizes=\"(max-width: 1024px) 100vw, 1024px\" \/><\/a><\/figure>\n\n\n\n<figure class=\"wp-block-image size-large\"><a href=\"http:\/\/aceps.pl\/wp-content\/uploads\/2018\/10\/budmiesz002_4.jpg\"><img loading=\"lazy\" width=\"3500\" height=\"2188\" data-id=\"659\"  src=\"http:\/\/aceps.pl\/wp-content\/uploads\/2018\/10\/budmiesz002_4.jpg\" alt=\"\" class=\"wp-image-659\" srcset=\"http:\/\/aceps.pl\/wp-content\/uploads\/2018\/10\/budmiesz002_4.jpg 3500w, http:\/\/aceps.pl\/wp-content\/uploads\/2018\/10\/budmiesz002_4-300x188.jpg 300w, http:\/\/aceps.pl\/wp-content\/uploads\/2018\/10\/budmiesz002_4-768x480.jpg 768w, http:\/\/aceps.pl\/wp-content\/uploads\/2018\/10\/budmiesz002_4-1024x640.jpg 1024w, http:\/\/aceps.pl\/wp-content\/uploads\/2018\/10\/budmiesz002_4-150x94.jpg 150w\" sizes=\"(max-width: 3500px) 100vw, 3500px\" \/><\/a><\/figure>\n\n\n\n<figure class=\"wp-block-image size-large\"><a href=\"http:\/\/aceps.pl\/wp-content\/uploads\/2018\/10\/budmiesz002_3.jpg\"><img loading=\"lazy\" width=\"3500\" height=\"2188\" data-id=\"658\"  src=\"http:\/\/aceps.pl\/wp-content\/uploads\/2018\/10\/budmiesz002_3.jpg\" alt=\"\" class=\"wp-image-658\" srcset=\"http:\/\/aceps.pl\/wp-content\/uploads\/2018\/10\/budmiesz002_3.jpg 3500w, http:\/\/aceps.pl\/wp-content\/uploads\/2018\/10\/budmiesz002_3-300x188.jpg 300w, http:\/\/aceps.pl\/wp-content\/uploads\/2018\/10\/budmiesz002_3-768x480.jpg 768w, http:\/\/aceps.pl\/wp-content\/uploads\/2018\/10\/budmiesz002_3-1024x640.jpg 1024w, http:\/\/aceps.pl\/wp-content\/uploads\/2018\/10\/budmiesz002_3-150x94.jpg 150w\" sizes=\"(max-width: 3500px) 100vw, 3500px\" \/><\/a><\/figure>\n\n\n\n<figure class=\"wp-block-image size-large\"><a href=\"http:\/\/aceps.pl\/wp-content\/uploads\/2018\/10\/budmiesz002_6.jpg\"><img loading=\"lazy\" width=\"3500\" height=\"2188\" data-id=\"661\"  src=\"http:\/\/aceps.pl\/wp-content\/uploads\/2018\/10\/budmiesz002_6.jpg\" alt=\"\" class=\"wp-image-661\" srcset=\"http:\/\/aceps.pl\/wp-content\/uploads\/2018\/10\/budmiesz002_6.jpg 3500w, http:\/\/aceps.pl\/wp-content\/uploads\/2018\/10\/budmiesz002_6-300x188.jpg 300w, http:\/\/aceps.pl\/wp-content\/uploads\/2018\/10\/budmiesz002_6-768x480.jpg 768w, http:\/\/aceps.pl\/wp-content\/uploads\/2018\/10\/budmiesz002_6-1024x640.jpg 1024w, http:\/\/aceps.pl\/wp-content\/uploads\/2018\/10\/budmiesz002_6-150x94.jpg 150w\" sizes=\"(max-width: 3500px) 100vw, 3500px\" \/><\/a><\/figure>\n\n\n\n<figure class=\"wp-block-image size-large\"><a href=\"http:\/\/aceps.pl\/wp-content\/uploads\/2018\/11\/6_Rzut.jpg\"><img loading=\"lazy\" width=\"1240\" height=\"1754\" data-id=\"1107\"  src=\"http:\/\/aceps.pl\/wp-content\/uploads\/2018\/11\/6_Rzut.jpg\" alt=\"\" class=\"wp-image-1107\" srcset=\"http:\/\/aceps.pl\/wp-content\/uploads\/2018\/11\/6_Rzut.jpg 1240w, http:\/\/aceps.pl\/wp-content\/uploads\/2018\/11\/6_Rzut-212x300.jpg 212w, http:\/\/aceps.pl\/wp-content\/uploads\/2018\/11\/6_Rzut-768x1086.jpg 768w, http:\/\/aceps.pl\/wp-content\/uploads\/2018\/11\/6_Rzut-724x1024.jpg 724w, http:\/\/aceps.pl\/wp-content\/uploads\/2018\/11\/6_Rzut-106x150.jpg 106w\" sizes=\"(max-width: 1240px) 100vw, 1240px\" \/><\/a><\/figure>\n\n\n\n<figure class=\"wp-block-image size-large\"><a href=\"http:\/\/aceps.pl\/wp-content\/uploads\/2018\/10\/budmiesz002_1.jpg\"><img loading=\"lazy\" width=\"1754\" height=\"1240\" data-id=\"656\"  src=\"http:\/\/aceps.pl\/wp-content\/uploads\/2018\/10\/budmiesz002_1.jpg\" alt=\"\" class=\"wp-image-656\" srcset=\"http:\/\/aceps.pl\/wp-content\/uploads\/2018\/10\/budmiesz002_1.jpg 1754w, http:\/\/aceps.pl\/wp-content\/uploads\/2018\/10\/budmiesz002_1-300x212.jpg 300w, http:\/\/aceps.pl\/wp-content\/uploads\/2018\/10\/budmiesz002_1-768x543.jpg 768w, http:\/\/aceps.pl\/wp-content\/uploads\/2018\/10\/budmiesz002_1-1024x724.jpg 1024w, http:\/\/aceps.pl\/wp-content\/uploads\/2018\/10\/budmiesz002_1-150x106.jpg 150w\" sizes=\"(max-width: 1754px) 100vw, 1754px\" \/><\/a><\/figure>\n\n\n\n<figure class=\"wp-block-image size-large\"><a href=\"http:\/\/aceps.pl\/wp-content\/uploads\/2018\/11\/8_IMG_7025.jpg\"><img loading=\"lazy\" width=\"2016\" height=\"1512\" data-id=\"1109\"  src=\"http:\/\/aceps.pl\/wp-content\/uploads\/2018\/11\/8_IMG_7025.jpg\" alt=\"\" class=\"wp-image-1109\" srcset=\"http:\/\/aceps.pl\/wp-content\/uploads\/2018\/11\/8_IMG_7025.jpg 2016w, http:\/\/aceps.pl\/wp-content\/uploads\/2018\/11\/8_IMG_7025-300x225.jpg 300w, http:\/\/aceps.pl\/wp-content\/uploads\/2018\/11\/8_IMG_7025-768x576.jpg 768w, http:\/\/aceps.pl\/wp-content\/uploads\/2018\/11\/8_IMG_7025-1024x768.jpg 1024w, http:\/\/aceps.pl\/wp-content\/uploads\/2018\/11\/8_IMG_7025-150x113.jpg 150w\" sizes=\"(max-width: 2016px) 100vw, 2016px\" \/><\/a><\/figure>\n\n\n\n<figure class=\"wp-block-image size-large\"><a href=\"http:\/\/aceps.pl\/wp-content\/uploads\/2018\/11\/9_IMG_7027.jpg\"><img loading=\"lazy\" width=\"2016\" height=\"1512\" data-id=\"1110\"  src=\"http:\/\/aceps.pl\/wp-content\/uploads\/2018\/11\/9_IMG_7027.jpg\" alt=\"\" class=\"wp-image-1110\" srcset=\"http:\/\/aceps.pl\/wp-content\/uploads\/2018\/11\/9_IMG_7027.jpg 2016w, http:\/\/aceps.pl\/wp-content\/uploads\/2018\/11\/9_IMG_7027-300x225.jpg 300w, http:\/\/aceps.pl\/wp-content\/uploads\/2018\/11\/9_IMG_7027-768x576.jpg 768w, http:\/\/aceps.pl\/wp-content\/uploads\/2018\/11\/9_IMG_7027-1024x768.jpg 1024w, http:\/\/aceps.pl\/wp-content\/uploads\/2018\/11\/9_IMG_7027-150x113.jpg 150w\" sizes=\"(max-width: 2016px) 100vw, 2016px\" \/><\/a><\/figure>\n\n\n\n<figure class=\"wp-block-image size-large\"><a href=\"http:\/\/aceps.pl\/wp-content\/uploads\/2018\/11\/10_IMG_7020.jpg\"><img loading=\"lazy\" width=\"2016\" height=\"1512\" data-id=\"1111\"  src=\"http:\/\/aceps.pl\/wp-content\/uploads\/2018\/11\/10_IMG_7020.jpg\" alt=\"\" class=\"wp-image-1111\" srcset=\"http:\/\/aceps.pl\/wp-content\/uploads\/2018\/11\/10_IMG_7020.jpg 2016w, http:\/\/aceps.pl\/wp-content\/uploads\/2018\/11\/10_IMG_7020-300x225.jpg 300w, http:\/\/aceps.pl\/wp-content\/uploads\/2018\/11\/10_IMG_7020-768x576.jpg 768w, http:\/\/aceps.pl\/wp-content\/uploads\/2018\/11\/10_IMG_7020-1024x768.jpg 1024w, http:\/\/aceps.pl\/wp-content\/uploads\/2018\/11\/10_IMG_7020-150x113.jpg 150w\" sizes=\"(max-width: 2016px) 100vw, 2016px\" \/><\/a><\/figure>\n\n\n\n<figure class=\"wp-block-image size-large\"><a href=\"http:\/\/aceps.pl\/wp-content\/uploads\/2018\/11\/11_IMG_7021.jpg\"><img loading=\"lazy\" width=\"2016\" height=\"1512\" data-id=\"1112\"  src=\"http:\/\/aceps.pl\/wp-content\/uploads\/2018\/11\/11_IMG_7021.jpg\" alt=\"\" class=\"wp-image-1112\" srcset=\"http:\/\/aceps.pl\/wp-content\/uploads\/2018\/11\/11_IMG_7021.jpg 2016w, http:\/\/aceps.pl\/wp-content\/uploads\/2018\/11\/11_IMG_7021-300x225.jpg 300w, http:\/\/aceps.pl\/wp-content\/uploads\/2018\/11\/11_IMG_7021-768x576.jpg 768w, http:\/\/aceps.pl\/wp-content\/uploads\/2018\/11\/11_IMG_7021-1024x768.jpg 1024w, http:\/\/aceps.pl\/wp-content\/uploads\/2018\/11\/11_IMG_7021-150x113.jpg 150w\" sizes=\"(max-width: 2016px) 100vw, 2016px\" \/><\/a><\/figure>\n\n\n\n<figure class=\"wp-block-image size-large\"><a href=\"http:\/\/aceps.pl\/wp-content\/uploads\/2018\/11\/12_IMG_4035.jpg\"><img loading=\"lazy\" width=\"2016\" height=\"1512\" data-id=\"1113\"  src=\"http:\/\/aceps.pl\/wp-content\/uploads\/2018\/11\/12_IMG_4035.jpg\" alt=\"\" class=\"wp-image-1113\" srcset=\"http:\/\/aceps.pl\/wp-content\/uploads\/2018\/11\/12_IMG_4035.jpg 2016w, http:\/\/aceps.pl\/wp-content\/uploads\/2018\/11\/12_IMG_4035-300x225.jpg 300w, http:\/\/aceps.pl\/wp-content\/uploads\/2018\/11\/12_IMG_4035-768x576.jpg 768w, http:\/\/aceps.pl\/wp-content\/uploads\/2018\/11\/12_IMG_4035-1024x768.jpg 1024w, http:\/\/aceps.pl\/wp-content\/uploads\/2018\/11\/12_IMG_4035-150x113.jpg 150w\" sizes=\"(max-width: 2016px) 100vw, 2016px\" \/><\/a><\/figure>\n\n\n\n<figure class=\"wp-block-image size-large\"><a href=\"http:\/\/aceps.pl\/wp-content\/uploads\/2018\/11\/13_IMG_4041.jpg\"><img loading=\"lazy\" width=\"2016\" height=\"1512\" data-id=\"1114\"  src=\"http:\/\/aceps.pl\/wp-content\/uploads\/2018\/11\/13_IMG_4041.jpg\" alt=\"\" class=\"wp-image-1114\" srcset=\"http:\/\/aceps.pl\/wp-content\/uploads\/2018\/11\/13_IMG_4041.jpg 2016w, http:\/\/aceps.pl\/wp-content\/uploads\/2018\/11\/13_IMG_4041-300x225.jpg 300w, http:\/\/aceps.pl\/wp-content\/uploads\/2018\/11\/13_IMG_4041-768x576.jpg 768w, http:\/\/aceps.pl\/wp-content\/uploads\/2018\/11\/13_IMG_4041-1024x768.jpg 1024w, http:\/\/aceps.pl\/wp-content\/uploads\/2018\/11\/13_IMG_4041-150x113.jpg 150w\" sizes=\"(max-width: 2016px) 100vw, 2016px\" \/><\/a><\/figure>\n\n\n\n<figure class=\"wp-block-image size-large\"><a href=\"http:\/\/aceps.pl\/wp-content\/uploads\/2018\/11\/14_Zdj\u0119cie-26.07.2018-15-17-30.jpg\"><img loading=\"lazy\" width=\"4032\" height=\"3024\" data-id=\"1115\"  src=\"http:\/\/aceps.pl\/wp-content\/uploads\/2018\/11\/14_Zdj\u0119cie-26.07.2018-15-17-30.jpg\" alt=\"\" class=\"wp-image-1115\" srcset=\"http:\/\/aceps.pl\/wp-content\/uploads\/2018\/11\/14_Zdj\u0119cie-26.07.2018-15-17-30.jpg 4032w, http:\/\/aceps.pl\/wp-content\/uploads\/2018\/11\/14_Zdj\u0119cie-26.07.2018-15-17-30-300x225.jpg 300w, http:\/\/aceps.pl\/wp-content\/uploads\/2018\/11\/14_Zdj\u0119cie-26.07.2018-15-17-30-768x576.jpg 768w, http:\/\/aceps.pl\/wp-content\/uploads\/2018\/11\/14_Zdj\u0119cie-26.07.2018-15-17-30-1024x768.jpg 1024w, http:\/\/aceps.pl\/wp-content\/uploads\/2018\/11\/14_Zdj\u0119cie-26.07.2018-15-17-30-150x113.jpg 150w\" sizes=\"(max-width: 4032px) 100vw, 4032px\" \/><\/a><\/figure>\n\n\n\n<figure class=\"wp-block-image size-large\"><a href=\"http:\/\/aceps.pl\/wp-content\/uploads\/2018\/11\/15_Zdj\u0119cie-26.07.2018-15-19-51.jpg\"><img loading=\"lazy\" width=\"3024\" height=\"4032\" data-id=\"1116\"  src=\"http:\/\/aceps.pl\/wp-content\/uploads\/2018\/11\/15_Zdj\u0119cie-26.07.2018-15-19-51.jpg\" alt=\"\" class=\"wp-image-1116\" srcset=\"http:\/\/aceps.pl\/wp-content\/uploads\/2018\/11\/15_Zdj\u0119cie-26.07.2018-15-19-51.jpg 3024w, http:\/\/aceps.pl\/wp-content\/uploads\/2018\/11\/15_Zdj\u0119cie-26.07.2018-15-19-51-225x300.jpg 225w, http:\/\/aceps.pl\/wp-content\/uploads\/2018\/11\/15_Zdj\u0119cie-26.07.2018-15-19-51-768x1024.jpg 768w, http:\/\/aceps.pl\/wp-content\/uploads\/2018\/11\/15_Zdj\u0119cie-26.07.2018-15-19-51-113x150.jpg 113w\" sizes=\"(max-width: 3024px) 100vw, 3024px\" \/><\/a><\/figure>\n\n\n\n<figure class=\"wp-block-image size-large\"><a href=\"http:\/\/aceps.pl\/wp-content\/uploads\/2018\/11\/16_Zdj\u0119cie-26.07.2018-15-27-32.jpg\"><img loading=\"lazy\" width=\"4032\" height=\"3024\" data-id=\"1117\"  src=\"http:\/\/aceps.pl\/wp-content\/uploads\/2018\/11\/16_Zdj\u0119cie-26.07.2018-15-27-32.jpg\" alt=\"\" class=\"wp-image-1117\" srcset=\"http:\/\/aceps.pl\/wp-content\/uploads\/2018\/11\/16_Zdj\u0119cie-26.07.2018-15-27-32.jpg 4032w, http:\/\/aceps.pl\/wp-content\/uploads\/2018\/11\/16_Zdj\u0119cie-26.07.2018-15-27-32-300x225.jpg 300w, http:\/\/aceps.pl\/wp-content\/uploads\/2018\/11\/16_Zdj\u0119cie-26.07.2018-15-27-32-768x576.jpg 768w, http:\/\/aceps.pl\/wp-content\/uploads\/2018\/11\/16_Zdj\u0119cie-26.07.2018-15-27-32-1024x768.jpg 1024w, http:\/\/aceps.pl\/wp-content\/uploads\/2018\/11\/16_Zdj\u0119cie-26.07.2018-15-27-32-150x113.jpg 150w\" sizes=\"(max-width: 4032px) 100vw, 4032px\" \/><\/a><\/figure>\n<\/figure>\n","protected":false},"excerpt":{"rendered":"<p>Kompleksowy, pe\u0142nobran\u017cowy projekt budowlano-wykonawczy zespo\u0142u dom\u00f3w jednorodzinnych w zabudowie szeregowej\u00a0 w ramach Inwestycji p.n. Osiedle Kwiatowe w Zalasewie, realizowanej przez Planetbud Development Sp. z o.o. Inwestycja podzielona jest na 5 etap\u00f3w z \u0142\u0105czn\u0105 powierzchni\u0105 u\u017cytkow\u0105 budynk\u00f3w ~20000m2. Budynki zaprojektowano w technologii tradycyjnej, \u015bciany murowane z bloczk\u00f3w silikatowych wzmocnione trzpieniami, stropy g\u0119sto\u017cebrowe, wi\u0119\u017aba dachowa drewniana. \u00a0<\/p>\n","protected":false},"author":1,"featured_media":0,"parent":371,"menu_order":0,"comment_status":"closed","ping_status":"closed","template":"","meta":[],"_links":{"self":[{"href":"http:\/\/aceps.pl\/index.php\/wp-json\/wp\/v2\/pages\/672"}],"collection":[{"href":"http:\/\/aceps.pl\/index.php\/wp-json\/wp\/v2\/pages"}],"about":[{"href":"http:\/\/aceps.pl\/index.php\/wp-json\/wp\/v2\/types\/page"}],"author":[{"embeddable":true,"href":"http:\/\/aceps.pl\/index.php\/wp-json\/wp\/v2\/users\/1"}],"replies":[{"embeddable":true,"href":"http:\/\/aceps.pl\/index.php\/wp-json\/wp\/v2\/comments?post=672"}],"version-history":[{"count":9,"href":"http:\/\/aceps.pl\/index.php\/wp-json\/wp\/v2\/pages\/672\/revisions"}],"predecessor-version":[{"id":1370,"href":"http:\/\/aceps.pl\/index.php\/wp-json\/wp\/v2\/pages\/672\/revisions\/1370"}],"up":[{"embeddable":true,"href":"http:\/\/aceps.pl\/index.php\/wp-json\/wp\/v2\/pages\/371"}],"wp:attachment":[{"href":"http:\/\/aceps.pl\/index.php\/wp-json\/wp\/v2\/media?parent=672"}],"curies":[{"name":"wp","href":"https:\/\/api.w.org\/{rel}","templated":true}]}}