{"id":371,"date":"2018-10-24T07:20:01","date_gmt":"2018-10-24T05:20:01","guid":{"rendered":"http:\/\/aceps.pl\/?page_id=371"},"modified":"2022-03-15T18:37:53","modified_gmt":"2022-03-15T17:37:53","slug":"budownictwo-mieszkaniowe","status":"publish","type":"page","link":"http:\/\/aceps.pl\/index.php\/projekty\/budownictwo-mieszkaniowe\/","title":{"rendered":"Budownictwo mieszkaniowe"},"content":{"rendered":"<div id=\"attachment_43\" style=\"width: 160px\" class=\"wp-caption alignleft\"><a href=\"http:\/\/aceps.pl\/index.php\/projekty\/budownictwo-mieszkaniowe\/budynek-mieszkalny-wielorodzinny-w-swarzedzu\/\"><img aria-describedby=\"caption-attachment-43\" loading=\"lazy\" class=\"wp-image-43 size-thumbnail\" src=\"http:\/\/aceps.pl\/wp-content\/uploads\/2022\/03\/A_C1-150x150.jpg\" alt=\"\" width=\"150\" height=\"150\" \/><\/a><p id=\"caption-attachment-43\" class=\"wp-caption-text\">Budynek mieszkalny wielorodzinny w Swarz\u0119dzu<\/p><\/div>\n<div id=\"attachment_42\" style=\"width: 160px\" class=\"wp-caption alignleft\"><a href=\"http:\/\/aceps.pl\/index.php\/zespol-budynkow-mieszkalnych-wielorodzinnych-z-uslugami-wraz-z-infrastruktura-techniczna\/\/\"><img aria-describedby=\"caption-attachment-42\" loading=\"lazy\" class=\"wp-image-42 size-thumbnail\" src=\"http:\/\/aceps.pl\/wp-content\/uploads\/2022\/03\/1-150x150.jpg\" alt=\"\" width=\"150\" height=\"150\" \/><\/a><p id=\"caption-attachment-42\" class=\"wp-caption-text\">Zesp\u00f3\u0142 budynk\u00f3w mieszkalnych<\/p><\/div>\n<div id=\"attachment_39\" style=\"width: 160px\" class=\"wp-caption alignleft\"><a href=\"http:\/\/aceps.pl\/index.php\/projekty\/budownictwo-mieszkaniowe\/budynek-mieszkalny-wielorodzinny-z-komorkami-lokatorskimi-w-kleszczewie\/\"><img aria-describedby=\"caption-attachment-39\" loading=\"lazy\" class=\"wp-image-39 size-thumbnail\" src=\"http:\/\/aceps.pl\/wp-content\/uploads\/2020\/05\/budmiesz003_000-150x150.jpg\" alt=\"\" width=\"150\" height=\"150\" \/><\/a><p id=\"caption-attachment-39\" class=\"wp-caption-text\">Budynek mieszkalny w Kleszczewie<\/p><\/div>\n<div id=\"attachment_40\" style=\"width: 160px\" class=\"wp-caption alignleft\"><a href=\"http:\/\/aceps.pl\/index.php\/projekty\/budownictwo-mieszkaniowe\/zespol-6-budynkow-mieszkalnych-jednorodzinnych-w-zabudowie-blizniaczej-w-zalasewie\/\"><img aria-describedby=\"caption-attachment-40\" loading=\"lazy\" class=\"wp-image-40 size-thumbnail\" src=\"http:\/\/aceps.pl\/wp-content\/uploads\/2020\/05\/budmiesz004_000-150x150.jpg\" alt=\"\" width=\"150\" height=\"150\" \/><\/a><p id=\"caption-attachment-40\" class=\"wp-caption-text\">Zesp\u00f3\u0142 6 budynk\u00f3w w Zalasewie<\/p><\/div>\n<div id=\"attachment_41\" style=\"width: 160px\" class=\"wp-caption alignleft\"><a href=\"http:\/\/aceps.pl\/index.php\/projekty\/budownictwo-mieszkaniowe\/koncepcja-budynku-mieszkalnego-wielorodzinnego-z-czescia-uslugowa-w-lodzi\/\"><img aria-describedby=\"caption-attachment-41\" loading=\"lazy\" class=\"wp-image-41 size-thumbnail\" src=\"http:\/\/aceps.pl\/wp-content\/uploads\/2020\/05\/budmiesz005_000-150x150.jpg\" alt=\"\" width=\"150\" height=\"150\" \/><\/a><p id=\"caption-attachment-41\" class=\"wp-caption-text\">Koncepcja budynku mieszkalnego w \u0141odzi<\/p><\/div>\n<div id=\"attachment_12\" style=\"width: 160px\" class=\"wp-caption alignleft\"><a href=\"http:\/\/aceps.pl\/index.php\/projekty\/budownictwo-mieszkaniowe\/budynki-w-zabudowie-szeregowej-w-zalasewie\/\"><img aria-describedby=\"caption-attachment-12\" loading=\"lazy\" class=\"wp-image-12 size-thumbnail\" src=\"http:\/\/aceps.pl\/wp-content\/uploads\/2018\/10\/Plik-22.06.2017-10-44-13-150x150.jpeg\" alt=\"\" width=\"150\" height=\"150\" \/><\/a><p id=\"caption-attachment-12\" class=\"wp-caption-text\">Budynki w zabudowie szeregowej w Zalasewie<\/p><\/div>\n<div id=\"attachment_10\" style=\"width: 160px\" class=\"wp-caption alignleft\"><a href=\"http:\/\/aceps.pl\/index.php\/projekty\/budownictwo-mieszkaniowe\/budynki-w-zabudowie-szeregowej-i-blizniaczej-w-umultowie\/\"><img aria-describedby=\"caption-attachment-10\" loading=\"lazy\" class=\"wp-image-10 size-thumbnail\" src=\"http:\/\/aceps.pl\/wp-content\/uploads\/2018\/10\/Bli\u017aniak-150x150.jpg\" alt=\"\" width=\"150\" height=\"150\" \/><\/a><p id=\"caption-attachment-10\" class=\"wp-caption-text\">Budynki w zabudowie szeregowej i bli\u017aniaczej<\/p><\/div>\n<div id=\"attachment_8\" style=\"width: 160px\" class=\"wp-caption alignleft\"><a href=\"http:\/\/aceps.pl\/index.php\/projekty\/budownictwo-mieszkaniowe\/budynek-mieszkalny-wielorodzinny-pobiedziska\/\"><img aria-describedby=\"caption-attachment-8\" loading=\"lazy\" class=\"wp-image-8 size-thumbnail\" src=\"http:\/\/aceps.pl\/wp-content\/uploads\/2018\/10\/Wizualizacja-2-150x150.jpg\" alt=\"\" width=\"150\" height=\"150\" \/><\/a><p id=\"caption-attachment-8\" class=\"wp-caption-text\">Budynek mieszkalny wielorodzinny Pobiedziska<\/p><\/div>\n","protected":false},"excerpt":{"rendered":"","protected":false},"author":1,"featured_media":0,"parent":20,"menu_order":0,"comment_status":"closed","ping_status":"closed","template":"","meta":[],"_links":{"self":[{"href":"http:\/\/aceps.pl\/index.php\/wp-json\/wp\/v2\/pages\/371"}],"collection":[{"href":"http:\/\/aceps.pl\/index.php\/wp-json\/wp\/v2\/pages"}],"about":[{"href":"http:\/\/aceps.pl\/index.php\/wp-json\/wp\/v2\/types\/page"}],"author":[{"embeddable":true,"href":"http:\/\/aceps.pl\/index.php\/wp-json\/wp\/v2\/users\/1"}],"replies":[{"embeddable":true,"href":"http:\/\/aceps.pl\/index.php\/wp-json\/wp\/v2\/comments?post=371"}],"version-history":[{"count":24,"href":"http:\/\/aceps.pl\/index.php\/wp-json\/wp\/v2\/pages\/371\/revisions"}],"predecessor-version":[{"id":1501,"href":"http:\/\/aceps.pl\/index.php\/wp-json\/wp\/v2\/pages\/371\/revisions\/1501"}],"up":[{"embeddable":true,"href":"http:\/\/aceps.pl\/index.php\/wp-json\/wp\/v2\/pages\/20"}],"wp:attachment":[{"href":"http:\/\/aceps.pl\/index.php\/wp-json\/wp\/v2\/media?parent=371"}],"curies":[{"name":"wp","href":"https:\/\/api.w.org\/{rel}","templated":true}]}}