{"id":19,"date":"2018-10-11T22:12:36","date_gmt":"2018-10-11T20:12:36","guid":{"rendered":"http:\/\/aceps.pl\/?page_id=19"},"modified":"2025-04-29T21:16:41","modified_gmt":"2025-04-29T19:16:41","slug":"o-nas","status":"publish","type":"page","link":"http:\/\/aceps.pl\/index.php\/o-nas\/","title":{"rendered":"O nas"},"content":{"rendered":"<div data-canvas-width=\"436.9493333333331\">ACE \u2013 projektujemy konstrukcje z my\u015bl\u0105 o trwa\u0142o\u015bci i funkcjonalno\u015bci.<\/p>\n<\/div>\n<div data-canvas-width=\"570.9\">Od 2011 roku wspieramy inwestor\u00f3w w realizacji ambitnych projekt\u00f3w budowlanych \u2013 od\u00a0obiekt\u00f3w\u00a0 przemys\u0142owych, przez hale i magazyny, po budownictwo mieszkaniowe i\u00a0komercyjne.<\/p>\n<\/div>\n<div data-canvas-width=\"485.1146666666666\">Specjalizujemy si\u0119 w projektowaniu konstrukcji stalowych, \u017celbetowych oraz\u00a0prefabrykowanych. Oferujemy kompleksowe opracowania projektowe \u2013 od koncepcji i\u00a0analiz, przez dokumentacj\u0119 budowlan\u0105 i wykonawcz\u0105, a\u017c po nadzory autorskie i pe\u0142nienie\u00a0funkcji in\u017cyniera kontraktu.<\/p>\n<\/div>\n<div data-canvas-width=\"534.8346666666664\">Wa\u017cnym obszarem naszej dzia\u0142alno\u015bci s\u0105 r\u00f3wnie\u017c ekspertyzy techniczne istniej\u0105cych\u00a0obiekt\u00f3w, oceny stanu konstrukcji oraz projekty wzmocnie\u0144. Pracujemy zar\u00f3wno przy\u00a0obiektach zabytkowych, jak i nowoczesnych budynkach wymagaj\u0105cych interwencji\u00a0projektowej.<\/p>\n<\/div>\n<div data-canvas-width=\"565.9133333333333\">Tworzymy zesp\u00f3\u0142 do\u015bwiadczonych in\u017cynier\u00f3w, kt\u00f3rzy \u0142\u0105cz\u0105 wiedz\u0119 techniczn\u0105 z praktyk\u0105\u00a0wykonawcz\u0105.<\/p>\n<\/div>\n<div data-canvas-width=\"267.9746666666666\">ACE \u2013 Advanced Construction Engineering.<\/div>\n<div data-canvas-width=\"261.84399999999994\">Solidne projekty. Praktyczne rozwi\u0105zania.<\/div>\n","protected":false},"excerpt":{"rendered":"<p>ACE \u2013 projektujemy konstrukcje z my\u015bl\u0105 o trwa\u0142o\u015bci i funkcjonalno\u015bci. Od 2011 roku wspieramy inwestor\u00f3w w realizacji ambitnych projekt\u00f3w budowlanych \u2013 od\u00a0obiekt\u00f3w\u00a0 przemys\u0142owych, przez hale i magazyny, po budownictwo mieszkaniowe i\u00a0komercyjne. Specjalizujemy si\u0119 w projektowaniu konstrukcji stalowych, \u017celbetowych oraz\u00a0prefabrykowanych. Oferujemy kompleksowe opracowania projektowe \u2013 od koncepcji i\u00a0analiz, przez dokumentacj\u0119 budowlan\u0105 i wykonawcz\u0105, a\u017c po nadzory&#8230;<\/p>\n","protected":false},"author":1,"featured_media":0,"parent":0,"menu_order":0,"comment_status":"closed","ping_status":"closed","template":"","meta":[],"_links":{"self":[{"href":"http:\/\/aceps.pl\/index.php\/wp-json\/wp\/v2\/pages\/19"}],"collection":[{"href":"http:\/\/aceps.pl\/index.php\/wp-json\/wp\/v2\/pages"}],"about":[{"href":"http:\/\/aceps.pl\/index.php\/wp-json\/wp\/v2\/types\/page"}],"author":[{"embeddable":true,"href":"http:\/\/aceps.pl\/index.php\/wp-json\/wp\/v2\/users\/1"}],"replies":[{"embeddable":true,"href":"http:\/\/aceps.pl\/index.php\/wp-json\/wp\/v2\/comments?post=19"}],"version-history":[{"count":169,"href":"http:\/\/aceps.pl\/index.php\/wp-json\/wp\/v2\/pages\/19\/revisions"}],"predecessor-version":[{"id":1606,"href":"http:\/\/aceps.pl\/index.php\/wp-json\/wp\/v2\/pages\/19\/revisions\/1606"}],"wp:attachment":[{"href":"http:\/\/aceps.pl\/index.php\/wp-json\/wp\/v2\/media?parent=19"}],"curies":[{"name":"wp","href":"https:\/\/api.w.org\/{rel}","templated":true}]}}